{"id":935,"date":"2026-03-17T10:55:56","date_gmt":"2026-03-17T10:55:56","guid":{"rendered":"https:\/\/www.bej.or.at\/?page_id=935"},"modified":"2026-03-17T10:55:57","modified_gmt":"2026-03-17T10:55:57","slug":"barrierefreiheitserklaerung","status":"publish","type":"page","link":"https:\/\/www.bej.or.at\/?page_id=935","title":{"rendered":"Barrierefreiheitserkl\u00e4rung"},"content":{"rendered":"\n<p>Der Bund Europ\u00e4ischer Jugend (BEJ\/JEF) \u00d6sterreich ist bem\u00fcht, seine Website barrierefrei zug\u00e4nglich zu machen. Diese Erkl\u00e4rung gilt f\u00fcr <strong>www.bej.or.at<\/strong>.<\/p>\n\n\n\n<p><strong>Stand der Konformit\u00e4t:<\/strong> Wir arbeiten aktiv daran, die Anforderungen der WCAG 2.1 Level AA zu erf\u00fcllen.<\/p>\n\n\n\n<p><strong>Bekannte Einschr\u00e4nkungen:<\/strong> Einige \u00e4ltere Inhalte entsprechen noch nicht vollst\u00e4ndig den Anforderungen. Wir arbeiten kontinuierlich an Verbesserungen.<\/p>\n\n\n\n<p><strong>Feedback und Kontakt:<\/strong> Bei Problemen oder Fragen zur Barrierefreiheit erreichen Sie uns unter: office@bej.or.at<\/p>\n\n\n\n<p><strong>Diese Erkl\u00e4rung wurde erstellt am:<\/strong> M\u00e4rz 2026<\/p>\n","protected":false},"excerpt":{"rendered":"<p>Der Bund Europ\u00e4ischer Jugend (BEJ\/JEF) \u00d6sterreich ist bem\u00fcht, seine Website barrierefrei zug\u00e4nglich zu machen. Diese Erkl\u00e4rung gilt f\u00fcr www.bej.or.at. Stand der Konformit\u00e4t: Wir arbeiten aktiv daran, die Anforderungen der WCAG 2.1 Level AA zu erf\u00fcllen. Bekannte Einschr\u00e4nkungen: Einige \u00e4ltere Inhalte entsprechen noch nicht vollst\u00e4ndig den Anforderungen. Wir arbeiten kontinuierlich an Verbesserungen. Feedback und Kontakt: Bei &hellip; <\/p>\n<p class=\"link-more\"><a href=\"https:\/\/www.bej.or.at\/?page_id=935\" class=\"more-link\"><span class=\"screen-reader-text\">\u201eBarrierefreiheitserkl\u00e4rung\u201c <\/span>weiterlesen<\/a><\/p>\n","protected":false},"author":1,"featured_media":0,"parent":0,"menu_order":0,"comment_status":"closed","ping_status":"closed","template":"","meta":{"footnotes":""},"class_list":["post-935","page","type-page","status-publish","hentry"],"_links":{"self":[{"href":"https:\/\/www.bej.or.at\/index.php?rest_route=\/wp\/v2\/pages\/935","targetHints":{"allow":["GET"]}}],"collection":[{"href":"https:\/\/www.bej.or.at\/index.php?rest_route=\/wp\/v2\/pages"}],"about":[{"href":"https:\/\/www.bej.or.at\/index.php?rest_route=\/wp\/v2\/types\/page"}],"author":[{"embeddable":true,"href":"https:\/\/www.bej.or.at\/index.php?rest_route=\/wp\/v2\/users\/1"}],"replies":[{"embeddable":true,"href":"https:\/\/www.bej.or.at\/index.php?rest_route=%2Fwp%2Fv2%2Fcomments&post=935"}],"version-history":[{"count":1,"href":"https:\/\/www.bej.or.at\/index.php?rest_route=\/wp\/v2\/pages\/935\/revisions"}],"predecessor-version":[{"id":936,"href":"https:\/\/www.bej.or.at\/index.php?rest_route=\/wp\/v2\/pages\/935\/revisions\/936"}],"wp:attachment":[{"href":"https:\/\/www.bej.or.at\/index.php?rest_route=%2Fwp%2Fv2%2Fmedia&parent=935"}],"curies":[{"name":"wp","href":"https:\/\/api.w.org\/{rel}","templated":true}]}}